?
2, 59, 3847
List the prime factors of 568354.
2, 31, 89, 103
What are the prime factors of 107541?
3, 7, 569
What are the prime factors of 7731168?
2, 3, 29, 2777
What are the prime factors of 264676?
2, 66169
What are the prime factors of 432715?
5, 37, 2339
What are the prime factors of 787928?
2, 98491
What are the prime factors of 14404085?
5, 2880817
What are the prime factors of 1381131?
3, 17, 59
List the prime factors of 632133.
3, 70237
List the prime factors of 16989.
3, 7, 809
What are the prime factors of 70295?
5, 17, 827
What are the prime factors of 20143333?
7, 2877619
What are the prime factors of 1541442?
2, 3, 7, 107
List the prime factors of 974357.
47, 20731
List the prime factors of 13135869.
3, 29, 50329
What are the prime factors of 19657009?
857, 22937
What are the prime factors of 36469821?
3, 313, 38839
List the prime factors of 261733.
31, 8443
List the prime factors of 685128.
2, 3, 28547
What are the prime factors of 8978593?
13, 690661
List the prime factors of 1003767.
3, 53, 59, 107
List the prime factors of 308812.
2, 7, 41, 269
What are the prime factors of 1789329?
3, 29, 131, 157
List the prime factors of 9188923.
47, 193, 1013
List the prime factors of 13958336.
2, 7, 4451
What are the prime factors of 345190?
2, 5, 34519
What are the prime factors of 209587?
7, 79, 379
List the prime factors of 163438.
2, 11, 17, 19, 23
List the prime factors of 8581036.
2, 761, 2819
What are the prime factors of 960166?
2, 59, 79, 103
List the prime factors of 410289.
3, 11, 12433
List the prime factors of 14532.
2, 3, 7, 173
List the prime factors of 2081987.
977, 2131
List the prime factors of 297634.
2, 148817
What are the prime factors of 1752247?
7, 193, 1297
What are the prime factors of 12454987?
12454987
What are the prime factors of 112516?
2, 23, 1223
List the prime factors of 350674.
2, 271, 647
List the prime factors of 39232.
2, 613
What are the prime factors of 1311979?
191, 6869
List the prime factors of 7205160.
2, 3, 5, 97, 619
What are the prime factors of 22782921?
3, 7, 41, 47, 563
What are the prime factors of 10579941?
3, 19, 61871
List the prime factors of 8717036.
2, 137, 15907
What are the prime factors of 16035003?
3, 197963
List the prime factors of 191879.
17, 11287
What are the prime factors of 1855131?
3, 618377
List the prime factors of 566923.
7, 80989
What are the prime factors of 116478?
2, 3, 719
List the prime factors of 5228.
2, 1307
What are the prime factors of 626451?
3, 7, 23, 1297
List the prime factors of 3169804.
2, 11, 61, 1181
What are the prime factors of 498271?
498271
What are the prime factors of 2911821?
3, 11, 88237
What are the prime factors of 10358540?
2, 5, 517927
What are the prime factors of 197386?
2, 7, 23, 613
List the prime factors of 293057.
227, 1291
What are the prime factors of 3850621?
3850621
List the prime factors of 567749.
7, 13, 17, 367
What are the prime factors of 15447135?
3, 5, 11, 17, 5507
List the prime factors of 2285887.
317, 7211
What are the prime factors of 143457?
3, 47819
What are the prime factors of 976465?
5, 7, 23, 1213
List the prime factors of 6832663.
6832663
What are the prime factors of 486300?
2, 3, 5, 1621
What are the prime factors of 6883554?
2, 3, 37, 101, 307
What are the prime factors of 5953338?
2, 3, 36749
What are the prime factors of 677709?
3, 257, 293
What are the prime factors of 249123?
3, 7, 11863
What are the prime factors of 310964?
2, 17, 269
What are the prime factors of 205176?
2, 3, 83, 103
What are the prime factors of 56693?
7, 13, 89
What are the prime factors of 23613?
3, 17, 463
What are the prime factors of 20941764?
2, 3, 1745147
List the prime factors of 1545594.
2, 3, 313, 823
What are the prime factors of 12295735?
5, 53, 46399
List the prime factors of 206726.
2, 13, 7951
What are the prime factors of 1120265?
5, 61, 3673
What are the prime factors of 11776124?
2, 19, 89, 1741
List the prime factors of 7590646.
2, 7, 542189
List the prime factors of 214879.
7, 30697
What are the prime factors of 749499?
3, 249833
What are the prime factors of 240028?
2, 23, 2609
What are the prime factors of 659393?
7, 13457
List the prime factors of 154538.
2, 77269
List the prime factors of 1535605.
5, 307121
What are the prime factors of 210133?
7, 11, 2729
What are the prime factors of 2208758?
2, 1104379
List the prime factors of 8581059.
3, 79, 149
List the prime factors of 270452.
2, 7, 13, 743
List the prime factors of 13477794.
2, 3, 11, 53, 3853
What are the prime factors of 254862?
2, 3, 14159
What are the prime factors of 229217?
229217
List the prime factors of 8201643.
3, 811, 3371
List the prime factors of 283390.
2, 5, 17, 1667
List the prime factors of 123404.
2, 30851
List the prime factors of 2035700.
2, 5, 20357
What are the prime factors of 1601702?
2, 67, 11953
What are the prime factors of 21600188?
2, 19, 71, 4003
What are the prime factors of 633465?
3, 5, 7, 2011
What are the prime factors of 201836?
2, 50459
List the prime factors of 14536120.
2, 5, 363403
What are the prime factors of 414318?
2, 3, 199, 347
List the prime factors of 266789.
431, 619
What are the prime factors of 9250145?
5, 1850029
List the prime factors of 506655.
3, 5, 139
What are the prime factors of 2532792?
2, 3, 105533
What are the prime factors of 11920640?
2, 5, 67, 139
What are the prime factors of 605939?
41, 14779
What are the prime factors of 19900121?
4441, 4481
List the prime factors of 19180730.
2, 5, 109, 17597
What are the prime factors of 4261010?
2, 5, 13, 73, 449
What are the prime factors of 38615130?
2, 3, 5, 5297
List the prime factors of 17595024.
2, 3, 97, 3779
What are the prime factors of 3332559?
3, 641, 1733
List the prime factors of 236473.
89, 2657
List the prime factors of 5276704.
2, 269, 613
List the prime factors of 13110449.
11, 59, 20201
What are the prime factors of 1868265?
3, 5, 7, 659
What are the prime factors of 947303?
7, 135329
What are the prime factors of 681395?
5, 11, 13, 953
What are the prime factors of 8162479?
13, 131, 4793
What are the prime factors of 215187?
3, 7, 10247
What are the prime factors of 248998?
2, 23, 5413
What are the prime factors of 490357?
7, 70051
List the prime factors of 4366900.
2, 5, 43669
What are the prime factors of 145942?
2, 43, 1697
What are the prime factors of 18322614?
2, 3, 1017923
List the prime factors of 395800.
2, 5, 1979
What are the prime factors of 60803?
41, 1483
What are the prime factors of 435622?
2, 11, 19801
List the prime factors of 2356048.
2, 147253
What are the prime factors of 3437880?
2, 3, 5, 28649
What are the prime factors of 14992075?
5, 7, 85669
What are the prime factors of 104361?
3, 43, 809
List the prime factors of 2464944.
2, 3, 89, 577
What are the prime factors of 11563547?
29, 181, 2203
What are the prime factors of 10062246?
2, 3, 29, 57829
What are the prime factors of 5872368?
2, 3, 19, 47, 137
List the prime factors of 3333858.
2, 3, 11, 50513
What are the prime factors of 6326502?
2, 3, 7, 13, 11587
What are the prime factors of 6394294?
2, 89, 35923
What are the prime factors of 485239?
631, 769
List the prime factors of 16568372.
2, 23, 73, 2467
What are the prime factors of 1761286?
2, 29, 30367
List the prime factors of 6572454.
2, 3, 7, 156487
What are the prime factors of 988959?
3, 71, 4643
What are the prime factors of 3147629?
3147629
List the prime factors of 569103.
3, 189701
List the prime factors of 183801.
3, 197, 311
What are the prime factors of 271819?
67, 4057
List the prime factors of 2071.
19, 109
List the prime factors of 7723783.
7723783
What are the prime factors of 3750589?
43, 87223
List the prime factors of 8591476.
2, 2147869
What are the prime factors of 197640?
2, 3, 5, 61
What are the prime factors of 1229137?
7, 13, 1039
What are the prime factors of 7804378?
2, 839, 4651
List the prime factors of 1846151.
79, 23369
List the prime factors of 12310658.
2, 23, 31, 89, 97
What are the prime factors of 76895?
5, 7, 13
List the prime factors of 31549743.
3, 263, 1481
List the prime factors of 19443740.
2, 5, 23, 43, 983
What are the prime factors of 4668195?
3, 5, 7, 23, 1933
List the prime factors of 2155804.
2, 7, 17, 647
What are the prime factors of 345110?
2